{"id":3036,"date":"2025-11-30T11:21:43","date_gmt":"2025-11-30T10:21:43","guid":{"rendered":"https:\/\/foliesenbaie.fr\/?page_id=3036"},"modified":"2025-11-30T18:15:03","modified_gmt":"2025-11-30T17:15:03","slug":"edition-2022","status":"publish","type":"page","link":"https:\/\/foliesenbaie.fr\/index.php\/edition-2022\/","title":{"rendered":"\u00c9dition 2022"},"content":{"rendered":"\t\t<div data-elementor-type=\"wp-page\" data-elementor-id=\"3036\" class=\"elementor elementor-3036\">\n\t\t\t\t\t\t<section class=\"elementor-section elementor-top-section elementor-element elementor-element-0c405a5 elementor-section-boxed elementor-section-height-default elementor-section-height-default\" data-id=\"0c405a5\" data-element_type=\"section\">\n\t\t\t\t\t\t<div class=\"elementor-container elementor-column-gap-default\">\n\t\t\t\t\t<div class=\"elementor-column elementor-col-100 elementor-top-column elementor-element elementor-element-5ec3e53\" data-id=\"5ec3e53\" data-element_type=\"column\">\n\t\t\t<div class=\"elementor-widget-wrap elementor-element-populated\">\n\t\t\t\t\t\t<div class=\"elementor-element elementor-element-219d027 elementor-widget elementor-widget-image\" data-id=\"219d027\" data-element_type=\"widget\" data-widget_type=\"image.default\">\n\t\t\t\t<div class=\"elementor-widget-container\">\n\t\t\t\t\t\t\t\t\t\t\t\t\t\t\t<img fetchpriority=\"high\" decoding=\"async\" width=\"1024\" height=\"683\" src=\"https:\/\/foliesenbaie.fr\/wp-content\/uploads\/2025\/11\/merci2022-1024x683.jpg\" class=\"attachment-large size-large wp-image-3075\" alt=\"\" srcset=\"https:\/\/foliesenbaie.fr\/wp-content\/uploads\/2025\/11\/merci2022-1024x683.jpg 1024w, https:\/\/foliesenbaie.fr\/wp-content\/uploads\/2025\/11\/merci2022-300x200.jpg 300w, https:\/\/foliesenbaie.fr\/wp-content\/uploads\/2025\/11\/merci2022-768x512.jpg 768w, https:\/\/foliesenbaie.fr\/wp-content\/uploads\/2025\/11\/merci2022-1536x1024.jpg 1536w, https:\/\/foliesenbaie.fr\/wp-content\/uploads\/2025\/11\/merci2022-600x400.jpg 600w, https:\/\/foliesenbaie.fr\/wp-content\/uploads\/2025\/11\/merci2022.jpg 2048w\" sizes=\"(max-width: 1024px) 100vw, 1024px\" \/>\t\t\t\t\t\t\t\t\t\t\t\t\t\t\t<\/div>\n\t\t\t\t<\/div>\n\t\t\t\t\t<\/div>\n\t\t<\/div>\n\t\t\t\t\t<\/div>\n\t\t<\/section>\n\t\t\t\t<section class=\"elementor-section elementor-top-section elementor-element elementor-element-e4015cb elementor-section-boxed elementor-section-height-default elementor-section-height-default\" data-id=\"e4015cb\" data-element_type=\"section\">\n\t\t\t\t\t\t<div class=\"elementor-container elementor-column-gap-default\">\n\t\t\t\t\t<div class=\"elementor-column elementor-col-50 elementor-top-column elementor-element elementor-element-4d514d0\" data-id=\"4d514d0\" data-element_type=\"column\">\n\t\t\t<div class=\"elementor-widget-wrap elementor-element-populated\">\n\t\t\t\t\t\t<div class=\"elementor-element elementor-element-41f3fb7 elementor-widget elementor-widget-image\" data-id=\"41f3fb7\" data-element_type=\"widget\" data-widget_type=\"image.default\">\n\t\t\t\t<div class=\"elementor-widget-container\">\n\t\t\t\t\t\t\t\t\t\t\t\t\t\t\t<img decoding=\"async\" width=\"1024\" height=\"1024\" src=\"https:\/\/foliesenbaie.fr\/wp-content\/uploads\/2025\/11\/482022102_3965587930397276_3770493871822141225_n-1024x1024.jpg\" class=\"attachment-large size-large wp-image-3097\" alt=\"\" srcset=\"https:\/\/foliesenbaie.fr\/wp-content\/uploads\/2025\/11\/482022102_3965587930397276_3770493871822141225_n-1024x1024.jpg 1024w, https:\/\/foliesenbaie.fr\/wp-content\/uploads\/2025\/11\/482022102_3965587930397276_3770493871822141225_n-300x300.jpg 300w, https:\/\/foliesenbaie.fr\/wp-content\/uploads\/2025\/11\/482022102_3965587930397276_3770493871822141225_n-150x150.jpg 150w, https:\/\/foliesenbaie.fr\/wp-content\/uploads\/2025\/11\/482022102_3965587930397276_3770493871822141225_n-768x768.jpg 768w, https:\/\/foliesenbaie.fr\/wp-content\/uploads\/2025\/11\/482022102_3965587930397276_3770493871822141225_n-1536x1536.jpg 1536w, https:\/\/foliesenbaie.fr\/wp-content\/uploads\/2025\/11\/482022102_3965587930397276_3770493871822141225_n-600x600.jpg 600w, https:\/\/foliesenbaie.fr\/wp-content\/uploads\/2025\/11\/482022102_3965587930397276_3770493871822141225_n-100x100.jpg 100w, https:\/\/foliesenbaie.fr\/wp-content\/uploads\/2025\/11\/482022102_3965587930397276_3770493871822141225_n.jpg 2048w\" sizes=\"(max-width: 1024px) 100vw, 1024px\" \/>\t\t\t\t\t\t\t\t\t\t\t\t\t\t\t<\/div>\n\t\t\t\t<\/div>\n\t\t\t\t\t<\/div>\n\t\t<\/div>\n\t\t\t\t<div class=\"elementor-column elementor-col-50 elementor-top-column elementor-element elementor-element-000ca4f\" data-id=\"000ca4f\" data-element_type=\"column\">\n\t\t\t<div class=\"elementor-widget-wrap elementor-element-populated\">\n\t\t\t\t\t\t<div class=\"elementor-element elementor-element-a5432a5 elementor-widget elementor-widget-heading\" data-id=\"a5432a5\" data-element_type=\"widget\" data-widget_type=\"heading.default\">\n\t\t\t\t<div class=\"elementor-widget-container\">\n\t\t\t\t\t<h2 class=\"elementor-heading-title elementor-size-default\">Le grand retour, et un tournant historique<\/h2>\t\t\t\t<\/div>\n\t\t\t\t<\/div>\n\t\t\t\t<div class=\"elementor-element elementor-element-7783e58 elementor-widget elementor-widget-text-editor\" data-id=\"7783e58\" data-element_type=\"widget\" data-widget_type=\"text-editor.default\">\n\t\t\t\t<div class=\"elementor-widget-container\">\n\t\t\t\t\t\t\t\t\t<p data-start=\"246\" data-end=\"564\">Apr\u00e8s trois longues ann\u00e9es de silence, l\u2019\u00e9dition 2022 de Folies en Baie a sonn\u00e9 comme une respiration, un soulagement, et surtout une <strong data-start=\"380\" data-end=\"413\">immense envie de se retrouver<\/strong>. La pr\u00e9c\u00e9dente \u00e9dition remontait \u00e0 2019\u2026 autant dire que le public, les b\u00e9n\u00e9voles et toute l\u2019\u00e9quipe attendaient ce moment avec une impatience f\u00e9brile.<\/p><p data-start=\"566\" data-end=\"840\">Cette \u00e9dition a marqu\u00e9 un <strong data-start=\"592\" data-end=\"637\">vrai tournant dans l\u2019histoire du festival<\/strong> :<br data-start=\"639\" data-end=\"642\" \/>la traditionnelle <strong data-start=\"660\" data-end=\"680\">F\u00eate de la Moule<\/strong> est officiellement devenue un <strong data-start=\"711\" data-end=\"733\">v\u00e9ritable festival<\/strong>, construit sur <strong data-start=\"749\" data-end=\"772\">deux jours complets<\/strong>, avec une programmation plus riche, plus affirm\u00e9e, plus ambitieuse.<\/p><p data-start=\"842\" data-end=\"1187\">Sur sc\u00e8ne, un m\u00e9lange d\u2019artistes <strong data-start=\"875\" data-end=\"887\">reconnus<\/strong>, de <strong data-start=\"892\" data-end=\"907\">d\u00e9couvertes<\/strong>, de coups de c\u0153ur, et ce grain de folie propre \u00e0 Folies en Baie.<br data-start=\"972\" data-end=\"975\" \/>Dans le public, une <strong data-start=\"995\" data-end=\"1011\">joie immense<\/strong>, palpable, presque \u00e9lectrique : celle des retrouvailles, des premiers concerts post-pand\u00e9mie, des visages familiers, des nouveaux venus, de la musique enfin partag\u00e9e ensemble.<\/p><p data-start=\"1189\" data-end=\"1383\">2022 restera comme l\u2019\u00e9dition o\u00f9 tout a recommenc\u00e9.<br data-start=\"1239\" data-end=\"1242\" \/>O\u00f9 tout a repris vie.<br data-start=\"1263\" data-end=\"1266\" \/>O\u00f9 Folies en Baie a trouv\u00e9 un nouveau souffle, une nouvelle identit\u00e9\u2026 et une \u00e9nergie qui n\u2019a cess\u00e9 de grandir depuis.<\/p>\t\t\t\t\t\t\t\t<\/div>\n\t\t\t\t<\/div>\n\t\t\t\t\t<\/div>\n\t\t<\/div>\n\t\t\t\t\t<\/div>\n\t\t<\/section>\n\t\t\t\t<section class=\"elementor-section elementor-top-section elementor-element elementor-element-7ab4cac elementor-section-boxed elementor-section-height-default elementor-section-height-default\" data-id=\"7ab4cac\" data-element_type=\"section\">\n\t\t\t\t\t\t<div class=\"elementor-container elementor-column-gap-default\">\n\t\t\t\t\t<div class=\"elementor-column elementor-col-100 elementor-top-column elementor-element elementor-element-80ca502\" data-id=\"80ca502\" data-element_type=\"column\">\n\t\t\t<div class=\"elementor-widget-wrap elementor-element-populated\">\n\t\t\t\t\t\t<div class=\"elementor-element elementor-element-3af1ba1 elementor-widget elementor-widget-video\" data-id=\"3af1ba1\" data-element_type=\"widget\" data-settings=\"{&quot;youtube_url&quot;:&quot;https:\\\/\\\/youtu.be\\\/9kN-APVGcD0?si=DAkUZI9vNgePa6Py&quot;,&quot;autoplay&quot;:&quot;yes&quot;,&quot;play_on_mobile&quot;:&quot;yes&quot;,&quot;loop&quot;:&quot;yes&quot;,&quot;video_type&quot;:&quot;youtube&quot;,&quot;controls&quot;:&quot;yes&quot;}\" data-widget_type=\"video.default\">\n\t\t\t\t<div class=\"elementor-widget-container\">\n\t\t\t\t\t\t\t<div class=\"elementor-wrapper elementor-open-inline\">\n\t\t\t<div class=\"elementor-video\"><\/div>\t\t<\/div>\n\t\t\t\t\t\t<\/div>\n\t\t\t\t<\/div>\n\t\t\t\t\t<\/div>\n\t\t<\/div>\n\t\t\t\t\t<\/div>\n\t\t<\/section>\n\t\t\t\t<\/div>\n\t\t","protected":false},"excerpt":{"rendered":"<p>Le grand retour, et un tournant historique Apr\u00e8s trois longues ann\u00e9es de silence, l\u2019\u00e9dition 2022 de Folies en Baie a sonn\u00e9 comme une respiration, un soulagement, et surtout une immense envie de se retrouver. La pr\u00e9c\u00e9dente \u00e9dition remontait \u00e0 2019\u2026 autant dire que le public, les b\u00e9n\u00e9voles et toute l\u2019\u00e9quipe attendaient ce moment avec une [&hellip;]<\/p>\n","protected":false},"author":1,"featured_media":0,"parent":0,"menu_order":0,"comment_status":"closed","ping_status":"closed","template":"","meta":{"om_disable_all_campaigns":false,"_monsterinsights_skip_tracking":false,"_monsterinsights_sitenote_active":false,"_monsterinsights_sitenote_note":"","_monsterinsights_sitenote_category":0,"_uf_show_specific_survey":0,"_uf_disable_surveys":false,"ocean_post_layout":"","ocean_both_sidebars_style":"","ocean_both_sidebars_content_width":0,"ocean_both_sidebars_sidebars_width":0,"ocean_sidebar":"","ocean_second_sidebar":"","ocean_disable_margins":"enable","ocean_add_body_class":"","ocean_shortcode_before_top_bar":"","ocean_shortcode_after_top_bar":"","ocean_shortcode_before_header":"","ocean_shortcode_after_header":"","ocean_has_shortcode":"","ocean_shortcode_after_title":"","ocean_shortcode_before_footer_widgets":"","ocean_shortcode_after_footer_widgets":"","ocean_shortcode_before_footer_bottom":"","ocean_shortcode_after_footer_bottom":"","ocean_display_top_bar":"default","ocean_display_header":"default","ocean_header_style":"","ocean_center_header_left_menu":"","ocean_custom_header_template":"","ocean_custom_logo":0,"ocean_custom_retina_logo":0,"ocean_custom_logo_max_width":0,"ocean_custom_logo_tablet_max_width":0,"ocean_custom_logo_mobile_max_width":0,"ocean_custom_logo_max_height":0,"ocean_custom_logo_tablet_max_height":0,"ocean_custom_logo_mobile_max_height":0,"ocean_header_custom_menu":"","ocean_menu_typo_font_family":"","ocean_menu_typo_font_subset":"","ocean_menu_typo_font_size":0,"ocean_menu_typo_font_size_tablet":0,"ocean_menu_typo_font_size_mobile":0,"ocean_menu_typo_font_size_unit":"px","ocean_menu_typo_font_weight":"","ocean_menu_typo_font_weight_tablet":"","ocean_menu_typo_font_weight_mobile":"","ocean_menu_typo_transform":"","ocean_menu_typo_transform_tablet":"","ocean_menu_typo_transform_mobile":"","ocean_menu_typo_line_height":0,"ocean_menu_typo_line_height_tablet":0,"ocean_menu_typo_line_height_mobile":0,"ocean_menu_typo_line_height_unit":"","ocean_menu_typo_spacing":0,"ocean_menu_typo_spacing_tablet":0,"ocean_menu_typo_spacing_mobile":0,"ocean_menu_typo_spacing_unit":"","ocean_menu_link_color":"","ocean_menu_link_color_hover":"","ocean_menu_link_color_active":"","ocean_menu_link_background":"","ocean_menu_link_hover_background":"","ocean_menu_link_active_background":"","ocean_menu_social_links_bg":"","ocean_menu_social_hover_links_bg":"","ocean_menu_social_links_color":"","ocean_menu_social_hover_links_color":"","ocean_disable_title":"default","ocean_disable_heading":"default","ocean_post_title":"","ocean_post_subheading":"","ocean_post_title_style":"","ocean_post_title_background_color":"","ocean_post_title_background":0,"ocean_post_title_bg_image_position":"","ocean_post_title_bg_image_attachment":"","ocean_post_title_bg_image_repeat":"","ocean_post_title_bg_image_size":"","ocean_post_title_height":0,"ocean_post_title_bg_overlay":0.5,"ocean_post_title_bg_overlay_color":"","ocean_disable_breadcrumbs":"default","ocean_breadcrumbs_color":"","ocean_breadcrumbs_separator_color":"","ocean_breadcrumbs_links_color":"","ocean_breadcrumbs_links_hover_color":"","ocean_display_footer_widgets":"default","ocean_display_footer_bottom":"default","ocean_custom_footer_template":"","footnotes":""},"class_list":["post-3036","page","type-page","status-publish","hentry","entry","owp-thumbs-layout-horizontal","owp-btn-normal","owp-tabs-layout-horizontal","has-no-thumbnails","has-product-nav"],"yoast_head":"<!-- This site is optimized with the Yoast SEO plugin v26.4 - https:\/\/yoast.com\/wordpress\/plugins\/seo\/ -->\n<title>\u00c9dition 2022 - FESTIVAL FOLIES EN BAIE<\/title>\n<meta name=\"robots\" content=\"index, follow, max-snippet:-1, max-image-preview:large, max-video-preview:-1\" \/>\n<link rel=\"canonical\" href=\"https:\/\/foliesenbaie.fr\/index.php\/edition-2022\/\" \/>\n<meta property=\"og:locale\" content=\"fr_FR\" \/>\n<meta property=\"og:type\" content=\"article\" \/>\n<meta property=\"og:title\" content=\"\u00c9dition 2022 - FESTIVAL FOLIES EN BAIE\" \/>\n<meta property=\"og:description\" content=\"Le grand retour, et un tournant historique Apr\u00e8s trois longues ann\u00e9es de silence, l\u2019\u00e9dition 2022 de Folies en Baie a sonn\u00e9 comme une respiration, un soulagement, et surtout une immense envie de se retrouver. La pr\u00e9c\u00e9dente \u00e9dition remontait \u00e0 2019\u2026 autant dire que le public, les b\u00e9n\u00e9voles et toute l\u2019\u00e9quipe attendaient ce moment avec une [&hellip;]\" \/>\n<meta property=\"og:url\" content=\"https:\/\/foliesenbaie.fr\/index.php\/edition-2022\/\" \/>\n<meta property=\"og:site_name\" content=\"FESTIVAL FOLIES EN BAIE\" \/>\n<meta property=\"article:publisher\" content=\"https:\/\/www.facebook.com\/foliesenbaie\/?locale=fr_FR\" \/>\n<meta property=\"article:modified_time\" content=\"2025-11-30T17:15:03+00:00\" \/>\n<meta property=\"og:image\" content=\"https:\/\/foliesenbaie.fr\/wp-content\/uploads\/2025\/11\/merci2022-1024x683.jpg\" \/>\n<meta name=\"twitter:card\" content=\"summary_large_image\" \/>\n<meta name=\"twitter:label1\" content=\"Dur\u00e9e de lecture estim\u00e9e\" \/>\n\t<meta name=\"twitter:data1\" content=\"2 minutes\" \/>\n<script type=\"application\/ld+json\" class=\"yoast-schema-graph\">{\"@context\":\"https:\/\/schema.org\",\"@graph\":[{\"@type\":\"WebPage\",\"@id\":\"https:\/\/foliesenbaie.fr\/index.php\/edition-2022\/\",\"url\":\"https:\/\/foliesenbaie.fr\/index.php\/edition-2022\/\",\"name\":\"\u00c9dition 2022 - FESTIVAL FOLIES EN BAIE\",\"isPartOf\":{\"@id\":\"https:\/\/foliesenbaie.fr\/#website\"},\"primaryImageOfPage\":{\"@id\":\"https:\/\/foliesenbaie.fr\/index.php\/edition-2022\/#primaryimage\"},\"image\":{\"@id\":\"https:\/\/foliesenbaie.fr\/index.php\/edition-2022\/#primaryimage\"},\"thumbnailUrl\":\"https:\/\/foliesenbaie.fr\/wp-content\/uploads\/2025\/11\/merci2022-1024x683.jpg\",\"datePublished\":\"2025-11-30T10:21:43+00:00\",\"dateModified\":\"2025-11-30T17:15:03+00:00\",\"breadcrumb\":{\"@id\":\"https:\/\/foliesenbaie.fr\/index.php\/edition-2022\/#breadcrumb\"},\"inLanguage\":\"fr-FR\",\"potentialAction\":[{\"@type\":\"ReadAction\",\"target\":[\"https:\/\/foliesenbaie.fr\/index.php\/edition-2022\/\"]}]},{\"@type\":\"ImageObject\",\"inLanguage\":\"fr-FR\",\"@id\":\"https:\/\/foliesenbaie.fr\/index.php\/edition-2022\/#primaryimage\",\"url\":\"https:\/\/foliesenbaie.fr\/wp-content\/uploads\/2025\/11\/merci2022.jpg\",\"contentUrl\":\"https:\/\/foliesenbaie.fr\/wp-content\/uploads\/2025\/11\/merci2022.jpg\",\"width\":2048,\"height\":1365},{\"@type\":\"BreadcrumbList\",\"@id\":\"https:\/\/foliesenbaie.fr\/index.php\/edition-2022\/#breadcrumb\",\"itemListElement\":[{\"@type\":\"ListItem\",\"position\":1,\"name\":\"Accueil\",\"item\":\"https:\/\/foliesenbaie.fr\/\"},{\"@type\":\"ListItem\",\"position\":2,\"name\":\"\u00c9dition 2022\"}]},{\"@type\":\"WebSite\",\"@id\":\"https:\/\/foliesenbaie.fr\/#website\",\"url\":\"https:\/\/foliesenbaie.fr\/\",\"name\":\"FESTIVAL FOLIES EN BAIE\",\"description\":\"\",\"publisher\":{\"@id\":\"https:\/\/foliesenbaie.fr\/#organization\"},\"potentialAction\":[{\"@type\":\"SearchAction\",\"target\":{\"@type\":\"EntryPoint\",\"urlTemplate\":\"https:\/\/foliesenbaie.fr\/?s={search_term_string}\"},\"query-input\":{\"@type\":\"PropertyValueSpecification\",\"valueRequired\":true,\"valueName\":\"search_term_string\"}}],\"inLanguage\":\"fr-FR\"},{\"@type\":\"Organization\",\"@id\":\"https:\/\/foliesenbaie.fr\/#organization\",\"name\":\"FESTIVAL FOLIES EN BAIE\",\"url\":\"https:\/\/foliesenbaie.fr\/\",\"logo\":{\"@type\":\"ImageObject\",\"inLanguage\":\"fr-FR\",\"@id\":\"https:\/\/foliesenbaie.fr\/#\/schema\/logo\/image\/\",\"url\":\"https:\/\/foliestest.foliesenbaie.fr\/foliesenzacomf22\/wp-content\/uploads\/2023\/05\/logos-37-1.png\",\"contentUrl\":\"https:\/\/foliestest.foliesenbaie.fr\/foliesenzacomf22\/wp-content\/uploads\/2023\/05\/logos-37-1.png\",\"width\":1080,\"height\":1080,\"caption\":\"FESTIVAL FOLIES EN BAIE\"},\"image\":{\"@id\":\"https:\/\/foliesenbaie.fr\/#\/schema\/logo\/image\/\"},\"sameAs\":[\"https:\/\/www.facebook.com\/foliesenbaie\/?locale=fr_FR\",\"https:\/\/www.instagram.com\/foliesenbaie\/\"]}]}<\/script>\n<!-- \/ Yoast SEO plugin. -->","yoast_head_json":{"title":"\u00c9dition 2022 - FESTIVAL FOLIES EN BAIE","robots":{"index":"index","follow":"follow","max-snippet":"max-snippet:-1","max-image-preview":"max-image-preview:large","max-video-preview":"max-video-preview:-1"},"canonical":"https:\/\/foliesenbaie.fr\/index.php\/edition-2022\/","og_locale":"fr_FR","og_type":"article","og_title":"\u00c9dition 2022 - FESTIVAL FOLIES EN BAIE","og_description":"Le grand retour, et un tournant historique Apr\u00e8s trois longues ann\u00e9es de silence, l\u2019\u00e9dition 2022 de Folies en Baie a sonn\u00e9 comme une respiration, un soulagement, et surtout une immense envie de se retrouver. La pr\u00e9c\u00e9dente \u00e9dition remontait \u00e0 2019\u2026 autant dire que le public, les b\u00e9n\u00e9voles et toute l\u2019\u00e9quipe attendaient ce moment avec une [&hellip;]","og_url":"https:\/\/foliesenbaie.fr\/index.php\/edition-2022\/","og_site_name":"FESTIVAL FOLIES EN BAIE","article_publisher":"https:\/\/www.facebook.com\/foliesenbaie\/?locale=fr_FR","article_modified_time":"2025-11-30T17:15:03+00:00","og_image":[{"url":"https:\/\/foliesenbaie.fr\/wp-content\/uploads\/2025\/11\/merci2022-1024x683.jpg","type":"","width":"","height":""}],"twitter_card":"summary_large_image","twitter_misc":{"Dur\u00e9e de lecture estim\u00e9e":"2 minutes"},"schema":{"@context":"https:\/\/schema.org","@graph":[{"@type":"WebPage","@id":"https:\/\/foliesenbaie.fr\/index.php\/edition-2022\/","url":"https:\/\/foliesenbaie.fr\/index.php\/edition-2022\/","name":"\u00c9dition 2022 - FESTIVAL FOLIES EN BAIE","isPartOf":{"@id":"https:\/\/foliesenbaie.fr\/#website"},"primaryImageOfPage":{"@id":"https:\/\/foliesenbaie.fr\/index.php\/edition-2022\/#primaryimage"},"image":{"@id":"https:\/\/foliesenbaie.fr\/index.php\/edition-2022\/#primaryimage"},"thumbnailUrl":"https:\/\/foliesenbaie.fr\/wp-content\/uploads\/2025\/11\/merci2022-1024x683.jpg","datePublished":"2025-11-30T10:21:43+00:00","dateModified":"2025-11-30T17:15:03+00:00","breadcrumb":{"@id":"https:\/\/foliesenbaie.fr\/index.php\/edition-2022\/#breadcrumb"},"inLanguage":"fr-FR","potentialAction":[{"@type":"ReadAction","target":["https:\/\/foliesenbaie.fr\/index.php\/edition-2022\/"]}]},{"@type":"ImageObject","inLanguage":"fr-FR","@id":"https:\/\/foliesenbaie.fr\/index.php\/edition-2022\/#primaryimage","url":"https:\/\/foliesenbaie.fr\/wp-content\/uploads\/2025\/11\/merci2022.jpg","contentUrl":"https:\/\/foliesenbaie.fr\/wp-content\/uploads\/2025\/11\/merci2022.jpg","width":2048,"height":1365},{"@type":"BreadcrumbList","@id":"https:\/\/foliesenbaie.fr\/index.php\/edition-2022\/#breadcrumb","itemListElement":[{"@type":"ListItem","position":1,"name":"Accueil","item":"https:\/\/foliesenbaie.fr\/"},{"@type":"ListItem","position":2,"name":"\u00c9dition 2022"}]},{"@type":"WebSite","@id":"https:\/\/foliesenbaie.fr\/#website","url":"https:\/\/foliesenbaie.fr\/","name":"FESTIVAL FOLIES EN BAIE","description":"","publisher":{"@id":"https:\/\/foliesenbaie.fr\/#organization"},"potentialAction":[{"@type":"SearchAction","target":{"@type":"EntryPoint","urlTemplate":"https:\/\/foliesenbaie.fr\/?s={search_term_string}"},"query-input":{"@type":"PropertyValueSpecification","valueRequired":true,"valueName":"search_term_string"}}],"inLanguage":"fr-FR"},{"@type":"Organization","@id":"https:\/\/foliesenbaie.fr\/#organization","name":"FESTIVAL FOLIES EN BAIE","url":"https:\/\/foliesenbaie.fr\/","logo":{"@type":"ImageObject","inLanguage":"fr-FR","@id":"https:\/\/foliesenbaie.fr\/#\/schema\/logo\/image\/","url":"https:\/\/foliestest.foliesenbaie.fr\/foliesenzacomf22\/wp-content\/uploads\/2023\/05\/logos-37-1.png","contentUrl":"https:\/\/foliestest.foliesenbaie.fr\/foliesenzacomf22\/wp-content\/uploads\/2023\/05\/logos-37-1.png","width":1080,"height":1080,"caption":"FESTIVAL FOLIES EN BAIE"},"image":{"@id":"https:\/\/foliesenbaie.fr\/#\/schema\/logo\/image\/"},"sameAs":["https:\/\/www.facebook.com\/foliesenbaie\/?locale=fr_FR","https:\/\/www.instagram.com\/foliesenbaie\/"]}]}},"_links":{"self":[{"href":"https:\/\/foliesenbaie.fr\/index.php\/wp-json\/wp\/v2\/pages\/3036","targetHints":{"allow":["GET"]}}],"collection":[{"href":"https:\/\/foliesenbaie.fr\/index.php\/wp-json\/wp\/v2\/pages"}],"about":[{"href":"https:\/\/foliesenbaie.fr\/index.php\/wp-json\/wp\/v2\/types\/page"}],"author":[{"embeddable":true,"href":"https:\/\/foliesenbaie.fr\/index.php\/wp-json\/wp\/v2\/users\/1"}],"replies":[{"embeddable":true,"href":"https:\/\/foliesenbaie.fr\/index.php\/wp-json\/wp\/v2\/comments?post=3036"}],"version-history":[{"count":7,"href":"https:\/\/foliesenbaie.fr\/index.php\/wp-json\/wp\/v2\/pages\/3036\/revisions"}],"predecessor-version":[{"id":3100,"href":"https:\/\/foliesenbaie.fr\/index.php\/wp-json\/wp\/v2\/pages\/3036\/revisions\/3100"}],"wp:attachment":[{"href":"https:\/\/foliesenbaie.fr\/index.php\/wp-json\/wp\/v2\/media?parent=3036"}],"curies":[{"name":"wp","href":"https:\/\/api.w.org\/{rel}","templated":true}]}}